y ((-34)/(-119))/(1/56)?
5
Let d = 33 - 23. Let f(q) = 7*q**3 - 3*q**2 + 2*q. What is the remainder when d is divided by f(1)?
4
Let z(h) = 11*h + 15. Let u be z(-2). Let l = u + 57. What is the remainder when l is divided by 26?
24
Let m(c) = 13*c + 1. Let i = -891 + 898. What is the remainder when m(4) is divided by i?
4
Let o = 4 + -3. Let m = 1447 - 1446. What is the remainder when m is divided by o?
0
What is the remainder when 37*(6 - 7 - -3) is divided by 37?
0
Calculate the remainder when (-16)/(-32) + 217/2 is divided by 57.
52
Suppose -2*n - 184 + 228 = 0. What is the remainder when n is divided by 6?
4
Suppose 2 = -3*q + 2*q + 4*u, 0 = 3*q + 5*u + 57. Let p(y) = y**2 + 2*y + 2. Let m be p(-7). Let b = m + q. What is the remainder when 67 is divided by b?
21
Suppose -2*x = 2*t - 338, -t + 43*x - 40*x + 149 = 0. What is the remainder when 173 is divided by t?
9
Let o = -482 - -521. What is the remainder when 116 is divided by o?
38
Let g = 14 + -8. Suppose 0 = 3*k - g - 9. Suppose -22 = -3*y + k*v, -6*y + 4*v = -2*y - 24. What is the remainder when 6 is divided by y?
2
Suppose 232 = 20*m - 18*m - 4*g, -g = 4*m - 419. What is the remainder when m is divided by 11?
7
Let h(s) = -2*s - 8. Let t be -6*(-3 + (-44)/(-12)). Let j be h(t). Suppose j = 8*z - 5*z - 45. What is the remainder when z is divided by 4?
3
Let z(v) = 3*v**3 + 9*v**2 - 5*v + 15. Let j(r) = -3*r**3 - 8*r**2 + 4*r - 14. Let h(w) = 7*j(w) + 6*z(w). Calculate the remainder when h(-3) is divided by 24.
13
Suppose h - 2*h = -12. Suppose -3*q = q - h. Calculate the remainder when 31 is divided by (-1)/(2*q/(-66)).
9
Suppose 191 = 5*q + v, -2*q + 15*v + 86 = 13*v. Calculate the remainder when 310 is divided by q.
37
Suppose -5*t + 60 - 20 = 0. Suppose -33 + 8 = -5*u. Calculate the remainder when (-106)/(-8) + u/(-20) is divided by t.
5
Suppose -118 = -4*q + 122. What is the remainder when (-1)/(q/(-58) - -1) is divided by 10?
9
Suppose 3*r + 12 = 5*r. Let s be 4/(0/(-1) - 1). Let i(h) = -6*h + 5. What is the remainder when i(s) is divided by r?
5
Suppose -9*s - s = 10. Calculate the remainder when (253 - s)*(91/14 - 6) is divided by 26.
23
Suppose -2*k = -31 - 7. Calculate the remainder when k is divided by 6 - (-7 - -7) - -7.
6
Let m = 45 - 10. Calculate the remainder when 63 is divided by 3/(21/128) + (-10)/m.
9
Suppose -2*o + 144 - 82 = 0. What is the remainder when 214 is divided by o?
28
Let l be (-4)/8 + (-85)/(-2). Suppose 5*q + 4*m - 266 = -53, l = q + m. Suppose q = 2*x + 13. Calculate the remainder when 31 is divided by x.
15
Let d = -2059 + 2178. What is the remainder when 331 is divided by d?
93
Let b be 1368/22 + 10/(-55). Let q = b + -55. What is the remainder when q is divided by 2?
1
Let p(s) = -s**2 - 8*s + 5. Let d(h) = h + 8. Let q be d(-7). Let u be 10/(-2) - q/1. Calculate the remainder when 66 is divided by p(u).
15
Suppose 5*l - 30 = -2*w, -2*w - 10 = -48*l + 43*l. Calculate the remainder when l is divided by 2.
0
Let t(j) = -15 - 2*j**3 + 6 - 2*j**2 + 8 + 3 + 5*j. Calculate the remainder when t(-3) is divided by 10.
3
Suppose -t - r = 3*r - 13, 13 = -2*t + 5*r. Let u = -5 - t. Let i = u + 21. Calculate the remainder when 29 is divided by i.
14
Let z = 433 - 408. Suppose -2*t - 2*t = -192. What is the remainder when t is divided by z?
23
Let m(w) = -46*w - 692. Calculate the remainder when m(-21) is divided by 55.
54
Let f(h) = 42*h**3 - 2*h**2. What is the remainder when f(1) is divided by 29?
11
Suppose -4*t + t - 5*f = -11, t = -4*f + 6. Suppose j + 3 = t*j. Let m(x) = 3*x**2 - 3*x + 3. Calculate the remainder when m(j) is divided by 8.
5
Suppose s - 2*w + 0*w + 10 = 0, -s = -5*w + 19. Let g be -2 - (-8)/(s + 6). What is the remainder when (1722/(-21))/(g/(-1)) is divided by 21?
20
Let c = 10 + -2. Suppose 284 + 100 = c*p. Calculate the remainder when p is divided by 13.
9
Let k(z) = z**3 - z**2 + 2*z + 110. Let f be k(0). Let y = f - 53. What is the remainder when 8 is divided by 20/(-110) - y/(-11)?
3
Let u = -99 - -71. Let v = 158 + u. Calculate the remainder when v is divided by 44.
42
Let f be 4 - (3 - (4 + -1)). Suppose 0 = -4*c - f*g + 252, -c + 53 = -g + 4*g. What is the remainder when c is divided by 26?
16
Suppose -5*h - 1855 = -5*f, -4*f + 1221 = 5*h - 236. What is the remainder when (f/(-28))/((-10)/35) is divided by 16?
14
Let h be -6*(2 + 550/15). What is the remainder when 3/(((-9)/h)/(9/12)) is divided by 15?
13
Let k be (-1)/(5*3/45). Suppose 24 = z - 8. What is the remainder when k/(-1 + (-295)/(-310)) is divided by z?
30
Let b(t) = -26*t - 5. Let w be b(-5). Suppose 3*l - 8*l = -w. Calculate the remainder when l is divided by 9.
7
Suppose -12*w - 127 = -13*w + 2*s, 4*w = 2*s + 502. What is the remainder when w is divided by 37?
14
Let g(h) = 6*h - 153. What is the remainder when 167 is divided by g(33)?
32
Suppose 4*l = -5*r + 29, 0 = -3*l + 3*r - 7 - 5. Let q be l*(-2)/(-8)*4. Calculate the remainder when q/2*-2*-62 is divided by 21.
20
What is the remainder when 336 is divided by (-2)/((-6864)/(-33561) + 2/(-9))?
110
Let i(o) = o + 6. Let f(h) = -3*h**3 - h + 2. Calculate the remainder when f(-1) is divided by i(-4).
0
Let g(c) = 25*c**2 - 6*c + 13. Let y be g(2). Let z = -56 + y. What is the remainder when 89 is divided by z?
44
Calculate the remainder when (-12)/8 + 8/(48/6327) is divided by 96.
93
Let s(v) = v**2 + 6*v - 62. What is the remainder when 166 is divided by s(-12)?
6
Let j(k) = -k**3 + 11*k**2 - 4*k - 30. What is the remainder when j(9) is divided by 50?
46
Suppose 2*v + 480 = 2*q, 4*v = -2*q + 2*v + 488. Suppose 2*c = -3*k + q, -k = -3*c - c - 90. Calculate the remainder when k is divided by 21.
19
Let s(z) = 2*z + 24. Let j be s(-10). Let n(r) = r**3 + 3*r**2 - 8*r - 5. What is the remainder when n(j) is divided by 19?
18
Let c(n) = -n**3 + n**2 + 13. Let m be c(0). Suppose -x - 6 = -m. What is the remainder when 12 is divided by x?
5
What is the remainder when 144 is divided by 19*(-2)/(-6)*9/3?
11
Suppose 3*s + f - 16 = 6*f, 4*s - f = 27. Calculate the remainder when 86 is divided by s.
2
Let t(o) = -o**2 + 10*o - 2. Let k(b) = b + 1. Let u be k(2). Suppose 24 = 4*x + 6*p - 2*p, -3*x + p = -38. Calculate the remainder when t(u) is divided by x.
8
Suppose 4*z + 9 = -15. Let s = -276 - -295. Calculate the remainder when s is divided by (0 + 2)*(-33)/z.
8
Suppose 209*u - 203*u - 144 = 0. Calculate the remainder when u is divided by 21.
3
Suppose -4*h + 255 = -149. Calculate the remainder when h is divided by (1 - -22 - -3)/1.
23
What is the remainder when 79909/205 + 3/45*3 is divided by 78?
0
Let g(u) = u**2 - 13*u - 11. Let a be g(11). What is the remainder when 19 is divided by a*1/(-7) + (-2)/(-7)?
4
Let x(f) = 2*f**3 - 4*f**2 + 3*f. Suppose 0 = -153*i + 151*i + 12. Calculate the remainder when x(3) is divided by i.
3
Suppose 0 = -37*a + 3937 + 318. Calculate the remainder when a is divided by 20.
15
Suppose 4*m - 102 = 3*a, 2*a = 3*m - 2*a - 80. Suppose -j = -161 - 196. What is the remainder when m is divided by 2/(-9) - j/(-27)?
11
Calculate the remainder when 90 is divided by 416/(-12)*(-54)/72.
12
Suppose 0 = -3*v - 5*s + 31, -v + 17 = s + 2*s. Suppose -v*j = 8, 2*h - 16 = 6*j - 2*j. Suppose -6 = -3*n - h*n. Calculate the remainder when 6 is divided by n.
0
Let q(o) = 7*o + 1. Let d be 6/(-1) + (-8)/4. Let c = d - -20. What is the remainder when q(3) is divided by c?
10
Let u = 43 + 9. Let d = -16625 - -16646. Calculate the remainder when u is divided by d.
10
Let k(w) = -w + 13. Let i be k(-6). Calculate the remainder when (i/4)/((-22)/(-88)) is divided by 7.
5
Let f(j) = -9*j - 43. Calculate the remainder when f(-14) is divided by (-7)/(1/(-2)*1).
13
What is the remainder when 79 is divided by 14 + 8/2 + 0?
7
Let m = -2441 + 4337. Suppose -4*l - m = -16*l. What is the remainder when l is divided by 54?
50
Suppose -55 = 2*h - 107. Calculate the remainder when 63 is divided by h.
11
Suppose 2*r + 3 - 87 = 0. Let p = -10 + 32. Calculate the remainder when r is divided by p.
20
Let v = 10 + -21. Let b = v - -18. Let q(x) = x**3 - 5*x**2 - 2*x - 6. What is the remainder when q(6) is divided by b?
4
Suppose 2 = 4*g + 6, 5*d - 2*g - 47 = 0. Calculate the remainder when 111 is divided by ((-45)/4)/(d/(-24)).